
Calculate the highest common divisor of 595938167 and 44.
11
What is the highest common factor of 343 and 243705959?
343
Calculate the highest common factor of 19 and 197435118.
19
Calculate the highest common divisor of 4055073 and 363.
363
Calculate the highest common factor of 97893 and 714085927.
10877
What is the highest common factor of 12 and 2388196?
4
What is the greatest common factor of 2149494 and 13534?
134
What is the greatest common divisor of 64 and 11746584?
8
What is the highest common factor of 1241988 and 242?
22
Calculate the greatest common factor of 48950 and 124511.
89
What is the highest common factor of 425645 and 8723770?
3905
Calculate the highest common divisor of 776697 and 1296485.
199
What is the highest common factor of 326439 and 2799054?
207
Calculate the greatest common divisor of 6805421 and 40257.
497
What is the greatest common factor of 13581187 and 54191?
1153
What is the highest common factor of 146 and 31665794?
146
Calculate the greatest common divisor of 127310736 and 15792.
336
What is the highest common divisor of 324 and 10487556?
324
What is the greatest common factor of 27448355 and 3190?
1595
What is the highest common factor of 95955738 and 30936?
7734
Calculate the greatest common factor of 5225 and 192175.
25
Calculate the greatest common divisor of 171195 and 292395.
1515
What is the greatest common factor of 5709909632 and 1246?
1246
Calculate the highest common factor of 13356 and 2248134.
42
What is the highest common factor of 158152 and 5800?
8
Calculate the greatest common factor of 76850 and 1010.
10
What is the greatest common factor of 7068 and 2713692?
12
Calculate the highest common factor of 81 and 3197097.
27
What is the greatest common divisor of 5643 and 763059?
627
Calculate the highest common divisor of 354645 and 914196.
7881
What is the greatest common factor of 196 and 16247?
7
What is the greatest common divisor of 196 and 145064108?
196
What is the highest common factor of 4006 and 97484007?
2003
Calculate the greatest common factor of 78959870 and 22.
22
Calculate the highest common divisor of 1775049 and 564.
141
Calculate the greatest common factor of 12747111 and 29043.
1383
What is the highest common factor of 268940 and 1616972?
476
Calculate the highest common divisor of 22 and 3024540266.
22
What is the greatest common divisor of 7175575 and 286?
11
What is the greatest common divisor of 224 and 2598470?
14
What is the greatest common divisor of 55927719 and 108?
27
Calculate the highest common factor of 53561 and 169.
1
What is the highest common factor of 19145 and 1975217?
547
Calculate the highest common factor of 44399154 and 552.
138
Calculate the highest common factor of 136 and 222496.
136
What is the greatest common factor of 64234 and 500?
2
What is the highest common factor of 102 and 1134501?
3
Calculate the greatest common divisor of 45925885 and 5.
5
What is the highest common factor of 32767335 and 2430?
1215
What is the highest common factor of 287020 and 542290?
1270
What is the highest common factor of 23 and 7317151?
23
What is the greatest common factor of 2197911 and 111?
111
What is the highest common factor of 3611139 and 9807?
21
Calculate the greatest common divisor of 1045 and 18262420.
1045
What is the highest common factor of 14208 and 396714?
222
Calculate the greatest common divisor of 38133 and 136401.
57
What is the highest common divisor of 23398133 and 121?
121
Calculate the highest common divisor of 552 and 14455592.
184
What is the highest common divisor of 175302500 and 240?
20
What is the highest common factor of 2412 and 94212?
36
What is the greatest common divisor of 76344 and 20424?
24
Calculate the highest common factor of 3127 and 47117.
53
Calculate the highest common factor of 3818095505 and 8365.
8365
What is the greatest common factor of 56537908 and 616?
28
What is the greatest common divisor of 1461135 and 82895?
295
Calculate the highest common factor of 368 and 414736.
368
What is the highest common factor of 33523644 and 77?
77
What is the highest common divisor of 143330772 and 1872?
156
What is the greatest common divisor of 15 and 157868400?
15
What is the highest common divisor of 39128 and 269608?
536
What is the greatest common factor of 14169663 and 97?
97
What is the greatest common factor of 628696 and 3062244?
3532
Calculate the greatest common factor of 120 and 503349960.
120
Calculate the highest common factor of 10183050 and 100.
50
Calculate the greatest common factor of 876448 and 67283.
61
Calculate the greatest common divisor of 7839 and 9035611.
13
Calculate the greatest common divisor of 204820 and 97280.
380
Calculate the greatest common factor of 8053856 and 864.
32
What is the highest common divisor of 26001 and 3184758?
243
What is the highest common factor of 786003 and 21971?
127
Calculate the highest common divisor of 6319350 and 12.
6
What is the greatest common factor of 85872 and 1021519?
1789
Calculate the greatest common factor of 2586 and 20064774.
2586
Calculate the greatest common factor of 16626414 and 132.
6
What is the highest common divisor of 874 and 52447581?
19
What is the highest common factor of 68 and 1903060?
4
Calculate the highest common divisor of 2214 and 46692522.
738
Calculate the greatest common factor of 32791 and 69376.
271
Calculate the greatest common factor of 7998 and 155694228.
258
What is the greatest common factor of 1606863 and 3897?
1299
What is the highest common divisor of 580910 and 103840?
110
What is the greatest common divisor of 142 and 43602023?
71
Calculate the highest common factor of 392826 and 26790.
282
Calculate the greatest common divisor of 74 and 1903143951.
37
Calculate the highest common divisor of 408 and 10413486.
102
Calculate the highest common factor of 2772801499 and 19.
19
What is the greatest common factor of 42373638 and 594?
54
Calculate the highest common divisor of 760 and 2300262740.
380
Calculate the greatest common divisor of 9203352 and 3936.
984
Calculate the greatest common divisor of 80 and 3222155.
5
Calculate the greatest common divisor of 16005 and 5041866.
291
What is the highest common factor of 60 and 4222780?
20
Calculate the highest common divisor of 251880797 and 763.
763
What is the highest common factor of 41181 and 171199?
259
What is the highest common factor of 101 and 88450144?
101
What is the greatest common factor of 19 and 7772615?
19
What is the greatest common factor of 6452079 and 22197?
453
Calculate the highest common factor of 318859 and 55727.
419
Calculate the greatest common divisor of 9369414 and 1541.
67
What is the highest common factor of 9659352 and 5642?
62
Calculate the highest common divisor of 240 and 9892888.
8
What is the highest common divisor of 546193 and 92293?
1513
What is the highest common factor of 326 and 161921592?
326
What is the greatest common divisor of 4452888 and 66?
66
Calculate the greatest common divisor of 669980 and 700.
20
What is the greatest common divisor of 125015 and 220?
55
Calculate the highest common factor of 8721 and 123371883.
513
Calculate the highest common divisor of 75153225 and 147.
21
Calculate the greatest common factor of 166665 and 2963385.
4065
Calculate the highest common factor of 62257 and 481.
13
What is the greatest common divisor of 13622 and 34886498?
278
What is the greatest common factor of 860 and 20497140?
20
What is the highest common divisor of 1994895 and 90?
45
What is the greatest common factor of 17768142 and 9877?
581
Calculate the greatest common factor of 20850124 and 101196.
3748
Calculate the greatest common factor of 183897 and 31899.
147
Calculate the highest common factor of 12965 and 7165.
5
What is the highest common divisor of 2090949636 and 13476?
13476
What is the highest common factor of 52 and 21988538?
26
Calculate the greatest common factor of 892807 and 152951.
3557
What is the greatest common factor of 1761376 and 4788?
76
Calculate the highest common divisor of 1378545 and 193515.
1995
What is the highest common divisor of 108 and 794329344?
36
Calculate the greatest common divisor of 1299 and 23488518.
1299
Calculate the highest common factor of 20098824 and 24.
24
What is the highest c